ghest common divisor of j and p?
11
Suppose 5*w - 123 = q, 5*w + 5*q - 89 = 46. Suppose -w = 5*v - 10*v. Calculate the greatest common factor of v and 10.
5
Suppose 6*x = x + 25. Suppose -98 = x*d - 12*d. Suppose 0 = d*k - 11*k - 15. Calculate the greatest common divisor of k and 15.
5
Let j(u) = -9*u + 20. Let y be j(-5). Calculate the highest common divisor of y and 130.
65
Let r be (3 - 2)/(153/(-78) - -2). Calculate the highest common factor of 117 and r.
13
Let y be 270/(-9)*(-2)/6. What is the greatest common factor of 25 and y?
5
Let c = -115 - -115. Suppose 117*l - 120*l + 30 = c. What is the highest common factor of l and 2?
2
Suppose 2*d = 4*d - 24. Let c = 30 - d. Suppose 4*w - 660 = 4*b, -3*w - 4*b + 477 = -b. Calculate the greatest common divisor of w and c.
18
Suppose -3 = 3*f, 0*a + 28 = -2*a - 4*f. Suppose 4*k - x + 3 = 0, k - 2*x = 2*x + 18. Let b be 30/(k/(16/a)). Calculate the greatest common divisor of b and 8.
4
Suppose -53*d + 56*d - 3216 = 0. Calculate the highest common divisor of 67 and d.
67
Suppose -5*s - 2 = 2*q - 9, 46 = -4*q + 2*s. Let o(m) = -5*m - 29. Let p be o(q). What is the highest common factor of 16 and p?
16
Let t(x) = 2*x**2 - 6*x. Let k be t(4). Let o = 123 + -138. Let u be 190/25 - 6/o. Calculate the greatest common factor of k and u.
8
Let r(j) = -3*j. Let v be r(-7). Suppose -39*o + 41*o = -2*y + 20, 5*y - 38 = -o. Calculate the greatest common factor of v and y.
7
Let m = 754 - 667. What is the highest common divisor of 145 and m?
29
Let p be 19 - (-5 - -3) - -2. Suppose 68 = 3*b - 4*d, -p = 3*b - d - 85. What is the highest common divisor of 260 and b?
20
Let m be (2 + -3)*(-15 - 623). What is the highest common factor of m and 22?
22
Let f = 1 - -21. Let d be 13 + 4/(-5 + 3). Calculate the highest common factor of f and d.
11
Let q = 53 - 17. Suppose 11 - 38 = -3*g. Calculate the greatest common factor of q and g.
9
Suppose 9 = 5*t + 2*p, 0 = -2*t - 2*p - 3 + 9. Let n(u) = 5*u + 2. Let c be n(t). Calculate the greatest common divisor of c and 7.
7
Let p(h) = h**2 + 4*h - 2. Let b be p(-5). Suppose 2*q - 65 = b*v, 4*q + 3*v - 185 = -2*v. Calculate the highest common factor of 5 and q.
5
Suppose -3*n - 83 = -23. Let s be (3 - n/(-8))*0. Suppose s = 2*j + j - 189. What is the greatest common factor of j and 21?
21
Let c be (496/(-4))/(3*(-2)/15). Suppose -4*i + 3*n + c = i, 0 = -2*n + 10. Calculate the greatest common factor of i and 26.
13
Let i be 139 - 2*-1 - -2. Suppose -2*o = 5*y - 46, -2*y - 9 = -2*o + 9. Calculate the highest common factor of o and i.
13
Let v be ((-5)/(-10) - 3)*174/(-29). Suppose -13 = -r + 12. What is the highest common divisor of r and v?
5
Suppose -4*y = -5*z - 31, 4*y = -2*z - 12 + 78. Let o = 2 - 3. Let h(k) = -13*k**3 - k. Let f be h(o). Calculate the greatest common divisor of f and y.
14
Let q be 4471/8 + (-53)/(-424). What is the greatest common factor of q and 129?
43
Suppose 0 = -312*o + 372*o - 840. Suppose m = 15 - 1. What is the greatest common divisor of o and m?
14
Suppose 3*a - 2 = a + 4*m, 7 = 2*a + m. Suppose c - 160 = -a*c. Let y be (-37)/(-5) - 16/c. What is the highest common factor of y and 28?
7
Let l = -25 + 44. Suppose -5*z = -1 - l. Calculate the highest common divisor of z and 4.
4
Let d be (-1 - -1 - -4)*(18 + 0). Suppose 5*m - 2 = 3. Let o be 9/(((-9)/(-12))/m). What is the highest common divisor of d and o?
12
Let i be ((-2709)/36)/(1/(-4)). What is the highest common divisor of i and 86?
43
Let q = -5 + 7. Suppose -39 = -q*v + 1. What is the greatest common divisor of 140 and v?
20
Let t(l) = -2*l - 8. Let h(p) = 3*p + 12. Let a(y) = 5*h(y) + 7*t(y). Let r be a(4). Calculate the greatest common factor of r and 1.
1
Let i = -163 - -249. What is the highest common divisor of i and 215?
43
Let v be ((-2)/8 + (-61251)/68)/(-1). What is the greatest common factor of 34 and v?
17
Suppose 7*b - 2*b = 0. Let u(p) = -3*p + 31. Let t be u(b). Let d = 51 - t. Calculate the greatest common factor of 60 and d.
20
Suppose -5*w + 2*w + s + 14 = 0, -5 = s. Suppose -4 = -w*q + q. Calculate the highest common factor of 14 and q.
2
Let d be (-10)/((-7)/(252/8)). Suppose 5*u - 5 = d. Calculate the greatest common factor of 80 and u.
10
Let o(f) = f**2 - 4*f - 19. Let u be o(8). Suppose -u*r + 432 = -4*r. Calculate the greatest common divisor of 528 and r.
48
Suppose 3*o + 0*o + 475 = 5*j, -5*o = -3*j + 285. Let i = -47 + j. What is the highest common factor of 6 and i?
6
Suppose -3*f = 2*f + 15. Let p(u) = u - 8. Let s(w) = -w + 7. Let t(g) = f*s(g) - 4*p(g). Let c be t(0). Calculate the greatest common factor of c and 55.
11
Let j = 30 + -28. Suppose -j*d - 4*u + 3 = u, -3*u = 3*d - 18. What is the greatest common divisor of 72 and d?
9
Suppose 2*i = 3*v + 6, i = 5*v + 1 + 2. Let k be (22 + i)*(-2 - -5). What is the greatest common factor of k and 15?
15
Let a = 81 - 77. Suppose 3*w - 34 = -a*j, w - 2*w + 5*j + 43 = 0. Suppose 3*n - 108 = n. Calculate the greatest common divisor of w and n.
18
Suppose -5*u - 73 = -263. Calculate the highest common factor of 38 and u.
38
Let z(i) = -7*i + 2. Let q be z(-2). Suppose 4*f - 2*g - 588 = -70, 0 = f + 5*g - 113. Calculate the highest common divisor of f and q.
16
Let p(a) = -a + 12. Let t be p(7). Suppose 0 = -h - 5*m - 7 - 2, 3*m = 5*h + 17. Let k = h + t. What is the greatest common divisor of 1 and k?
1
Let f be (3 + 3)*(-100)/(-6). Let w be (-12)/(-3) + 36/(5 + 1). Calculate the greatest common divisor of w and f.
10
Suppose 0*t = 3*t - 6. Suppose 2*b = 5*b + 5*j - 34, -t*b = 4*j - 20. Let q = 30 - b. Calculate the highest common factor of 84 and q.
12
Let m(r) = 16*r + 50. Let j be m(-3). Calculate the highest common factor of j and 22.
2
Let p = 4 + 0. Suppose y - 5*y - p*q - 496 = 0, -2*q = -4*y - 490. Let z = -77 - y. Calculate the greatest common divisor of 115 and z.
23
Let v be (-11)/(220/(-8))*170. What is the highest common divisor of v and 204?
68
Let m be (28/42)/((-4)/(-42)). Suppose -m*o + 10*o - 165 = 0. Calculate the greatest common factor of o and 5.
5
Let w(a) be the second derivative of -a**3/2 - 7*a**2/2 - 5*a. Let o be w(-5). Let m = -79 + 103. What is the highest common divisor of o and m?
8
Let n = 557 - 555. Calculate the greatest common factor of 38 and n.
2
Suppose -2*t - 40 = -10*t. Suppose -6*x = -t*x - 120. Calculate the greatest common factor of x and 12.
12
Let p be 15/(-4 + (-1603)/(-399)). Calculate the highest common factor of 45 and p.
45
Suppose -5*j = -5*v - 635, -3*j + 4*v + 64 + 318 = 0. Suppose -3*g = 2*a - 30, -2*a + 2*g + 58 = a. Calculate the highest common factor of j and a.
18
Suppose -49*o - s - 257 = -53*o, -67 = -o + 3*s. What is the greatest common divisor of o and 24?
8
Let i = 16 + 29. Let w be ((-6)/(-7))/(42/147) + 6. Calculate the greatest common divisor of w and i.
9
Let y(v) = v**3 + 3*v**2 + 8*v - 16. Let d be y(5). Let t(r) = r**3 - 7*r**2 - r - 24. Let n be t(8). Calculate the greatest common factor of n and d.
32
Let g be (-12)/(-78) + 63/13. Suppose -l - 52 = -g*l. Let a = l + -4. What is the highest common divisor of a and 9?
9
Let i(h) = 17*h**2 + 3*h + 3. Let y be i(3). Suppose -5*x = -x - 16. Suppose 6 = f - 3*l, x = -f + l + 16. What is the highest common factor of f and y?
15
Let m be (23/(69/(-16)))/((-1)/18). What is the greatest common factor of m and 36?
12
Suppose 0 = 63*q - 83*q + 40. What is the highest common factor of 194 and q?
2
Let j be (2343 - 5)*3/6 + -3. What is the highest common factor of j and 22?
22
Suppose 4*x - 3*o - 105 = 0, -51 - 78 = -5*x + 3*o. Calculate the highest common divisor of 104 and x.
8
Suppose -z + 7 = 3*g, 5*z - 3*g = -5*g + 22. Suppose z*k = k. Suppose h = -4*b + 236, -5*h + 220 = 4*b - k*b. Calculate the highest common divisor of b and 12.
12
Let l(a) = -a**2 + 21*a + 109. Let b be l(16). What is the highest common factor of 42 and b?
21
Let q = 6 - 3. Suppose 3*f - 638 = -19*f. Suppose f = 4*v - q. What is the highest common divisor of v and 1?
1
Suppose -x = 3*j - 23, -9 = -j + 18*x - 17*x. Calculate the greatest common factor of 488 and j.
8
Suppose 2*p - 10 = -4*g, -5*p + g = 3*g - 17. Suppose -p*c - 3*l = -33, -c + 2*c - 9 = l. Calculate the greatest common factor of 90 and c.
10
Let d be 12/(-1 - 0)*1